- -1 - -4 - 3 - -5?
4
Evaluate 0 - -5 - (2 - -15) - -4.
-8
What is the value of (-1 - 1) + 6 + (5 - 7)?
2
Calculate 4 - (9 + (2 - 10)).
3
What is -3 + 3 + (12 + -7 - 1)?
4
Calculate 3 + (-1 - 3) + 0.
-1
Evaluate -9 - (-6 + -15 + 20).
-8
Evaluate 5 - (7 + -1 + 3).
-4
Evaluate 4 + (-6 - (9 - 9)).
-2
What is 6 - (3 - 1 - 0)?
4
(-1 - (-1 - -6)) + 1
-5
Calculate 3 + -7 - (3 - (-1 + 3)).
-5
Evaluate -5 + 10 + -1 + -1.
3
Evaluate (1 - 5) + (-5 - -5) + 0.
-4
What is the value of 102 + -118 + (8 - 1)?
-9
Calculate -1 - -1 - (8 + -17 + 10).
-1
0 + (-3 - 0 - (8 + -12))
1
Evaluate 1 - ((0 - -7) + -1).
-5
Calculate 0 + (3 - 1 - 1).
1
What is the value of 0 + 0 - (-12 - -11)?
1
5 - (-4 + 5) - 1
3
What is the value of -1 + (-4 - (-3 - -9)) - -7?
-4
What is 4 + 2 + (-10 - -18 - 13)?
1
Evaluate (5 - (6 + -3)) + -1.
1
-2 - (0 + (3 - 9) + 2)
2
Evaluate 11 - (1 - (-9 + 2)).
3
What is the value of 2 + (3 - 0) - (-6 + 6)?
5
What is the value of -3 - (3 + -3 + -5)?
2
Calculate -5 + 0 - (-21 + 18).
-2
Calculate 11 + (-6 - (8 - (8 + 2))).
7
What is 2 + -2 + (8 - 4)?
4
Calculate (4 + -7 - -4) + -3.
-2
What is the value of 2 + -2 - (5 + (1 - 3))?
-3
What is (-2 - (-9 - -21)) + 9?
-5
What is the value of -59 + 69 + (0 - 13)?
-3
Calculate (2 - (-2 + 4 + -4)) + -6.
-2
What is the value of (6 - 9) + 4 - (0 - -1)?
0
What is the value of -4 + (6 - 1) + -4 + 14?
11
What is -23 + (10 - (5 + -8))?
-10
Calculate (24 - 27) + 1 + -4.
-6
What is -2 - 3 - (-15 + 10)?
0
Evaluate 15 + -13 + 1 + (0 - 0).
3
Calculate 9 - (0 - 3 - -7).
5
What is the value of 1 + -11 + (17 - 4)?
3
Evaluate (-9 - -8) + (0 - -1).
0
Evaluate (-11 + -6 - -11) + 7 + -2.
-1
Evaluate (0 + 1 + -2 - 4) + 2.
-3
10 + -1 - (29 - (7 - -15))
2
What is (9 - 2) + -2 - (11 - 12)?
6
Evaluate -1 - (-2 - 5 - -1).
5
What is -5 + 2 + 9 + -3 + 1?
4
What is (2 - (3 + -1)) + 2?
2
Evaluate 10 + -4 - (3 + -5).
8
What is the value of 4 + (1 - 1 - 8)?
-4
What is (-1 - (-12 - -3)) + -9?
-1
What is (-10 - (9 - 16)) + -2?
-5
What is the value of -2 - (6 + (-2 - 3) + 2)?
-5
What is (-6 - -1) + (0 - -11)?
6
Evaluate -2 - (-10 - -2 - (7 - 9)).
4
Calculate 9 + (-2 - (1 + -1)).
7
What is the value of -6 - 1 - (-25 - -23)?
-5
What is the value of 5 + (4 - (11 - 3 - -2))?
-1
What is the value of 5 + 0 + -4 - 3?
-2
What is -4 + 6 + (-3 - -4)?
3
What is the value of 6 - 3 - 6 - (1 - 4)?
0
Evaluate 4 + (0 - -1 - 2).
3
What is the value of 0 - -3 - (16 + -16)?
3
What is the value of -3 + (7 - 2 - -1 - 1)?
2
(-16 - -17) + (-2 + 0 - -1)
0
What is 4 - (1 + 12 + -20 + 17)?
-6
What is (-23 - (0 - 12)) + 1?
-10
Calculate (2 - (7 + -5)) + -5.
-5
What is the value of (3 - 8) + (10 - -1) + -5?
1
-6 - -6 - (5 - (-2 - -2))
-5
What is the value of 4 - (1 - (2 + -4))?
1
Calculate -4 + 0 - (-75 + 65).
6
5 - (-2 + -1 - (-22 + 13))
-1
What is the value of 1 - ((2 - 2) + -2)?
3
Calculate (-1 - 0) + (-3 - -2 - -3).
1
Evaluate -3 + (1 - (-1 - (5 + -1))).
3
4 + -5 - (0 - 3)
2
Evaluate 7 - 13 - (-1 + -3) - 6.
-8
Evaluate (1 - -2 - (-24 + 27)) + 5.
5
What is the value of -79 + 82 + (0 - 2) + 4?
5
Evaluate 5 + 2 + -6 - 4.
-3
What is the value of -1 + (-2 - -3) - (3 - 7)?
4
Calculate (0 - (-2 - 2)) + -4.
0
Evaluate 2 + -1 + (0 - 2) + -2.
-3
What is the value of 1 - 3 - 1 - -2?
-1
Calculate (13 - 4) + 12 + -18.
3
What is (-1 - (6 + -3)) + (22 - 18)?
0
What is -3 + 10 + (1 - 6)?
2
Evaluate 4 + -1 - -1 - (65 + -66).
5
Evaluate 5 + -9 + 17 + -6.
7
What is the value of (0 - 2) + (5 - 4)?
-1
8 + -2 - (-16 + 16)
6
Evaluate -2 - (-8 + (3 - 0)).
3
3 + (-8 - ((0 - 1) + 0))
-4
Calculate -5 - (-1 - (4 - 1)) - -5.
4
Calculate (4 - 2) + 0 + (-29 - -37).
10
What is the value of 1 + 5 - (-13 - (12 + -36))?
-5
Evaluate 6 - (3 + 0 + 0).
3
Calculate 6 - (-9 - -16 - (-4 - 3)).
-8
Evaluate 7 - 5 - (4 - 0).
-2
-3 - (-2 + 6 + -3)
-4
What is 1 + 2 + -10 + 5?
-2
Calculate -166 - -162 - (-1 + -3 + 0).
0
Evaluate (-1 - -1) + -8 + 8.
0
What is the value of -1 + 1 + 6 + -2 - 7?
-3
Calculate -8 - -4 - 3 - -3.
-4
What is the value of -4 + 3 + 6 + -2?
3
Evaluate 0 + 7 + -5 + 3.
5
(3 - (1 - 5 - -7)) + 0
0
What is the value of -5 - (7 + -5 + -16) - 3?
6
Calculate (1 - -1) + -3 + 6.
5
Evaluate -65 + 61 + 0 + 0.
-4
What is the value of 0 + (-1 - ((1 - 2) + 0))?
0
11 + -10 + 7 + -5
3
Calculate 13 + -10 + -9 + 10.
4
Evaluate -3 - (1 + 3 - 2).
-5
Evaluate 8 + ((1 - 9) + 3 - 7).
-4
Evaluate 9 - (16 - (3 - -4)).
0
What is the value of 1 + (3 - 0) + 0 + 2?
6
What is the value of -1 + -1 + 1 - 1?
-2
What is 1 + (-2 - ((-3 - 0) + -3))?
5
Calculate 1 + -8 + (17 - (11 + -2)).
1
What is (-8 - -1 - -17) + -3?
7
Calculate -5 - -6 - 3 - -1.
-1
What is 1 - ((0 - 1) + -2)?
4
What is the value of (9 - 5) + -9 + 2 + 7?
4
Evaluate 14 + -3 + 0 - 4.
7
Calculate -3 + -1 - (6 + 6 + -15).
-1
(6 - (2 + 5)) + 5 + 0
4
2 + (-10 - -1) + (21 - 14)
0
Evaluate -11 + 7 + (3 - -3).
2
Calculate 2 + 2 + -28 + 31.
7
(3 - (15 + -7)) + 10
5
Calculate -7 + 2 + 0 + 3.
-2
What is (-7 - 1 - -21) + -6 - 9?
-2
What is -3 + 0 - (2 + 0)?
-5
Calculate (4 - (-3 + 3)) + -3 - -4.
5
Evaluate -4 + (7 - (8 + -6)).
1
Calculate (0 - 3) + (13 - 8) + 3.
5
Evaluate 1 + -4 + 4 - (1 - 0).
0
Calculate -3 + -4 + 3 - -6.
2
What is the value of 0 + 0 + 6 + -7?
-1
Calculate (1 - 3 - 4) + (8 - 6).
-4
What is (-4 - 1) + -4 + 2 + 5?
-2
Evaluate (6 - -7 - 16) + (10 - 0).
7
Calculate 3 + -6 + -2 + -1.
-6
-5 - (-5 - (-11 - -5))
-6
What is the value of 4 + -11 + 9 + 0?
2
Calculate -5 + 9 - (11 + -1 - 0).
-6
What is -4 - (-12 + 5 + -2)?
5
What is the value of 3 - (-7 + (11 - 0))?
-1
Evaluate (-2 - -3) + 2 + (7 - 5).
5
Evaluate -3 - (-1 + -2 + 5).
-5
-3 - (1 + 1 + (21 - 26))
0
What is -14 + 9 - -9 - -3?
7
Calculate -5 + (-1 - (6 + -11)).
-1
-12 - (-1 + -18 + 4)
3
Calculate -2 - ((3 - 1) + -2 + 2).
-4
(1 + -4 - 1) + (1 - -4)
1
What is the value of -2 - (3 - (0 + 0) - 1)?
-4
-1 + (1 - 0) + (-14 - -18)
4
Evaluate -2 + -2 + 4 - -1 - 6.
-5
What is (1 - 2) + (6 - 14)?
-9
What is the value of -1 + -4 - -1 - (-50 - -47)?
-1
Calculate -2 + 5 + 5 - (9 + -5).
4
What is (1 - 4) + -3 + (-1 - -5)?
-2
What is the value of -17 - -28 - (10 - -3)?
-2
(-7 - -7 - -2) + -1 + 1
2
Calculate 1 - -1 - 3 - -1.
0
(-2 - (-4 - -4)) + 7
5
What is the value of -9 - (-4 + (-3 - -2))?
-4
What is (-2 - -9) + -3 + -2?
2
What is (-2 - -8) + -9 + 12?
9
What is the value of (-1 - -4 - 0) + (24 - 24)?
3
Calculate 12 + (-5 - (0 + 6 + -8)).
9
What is 3 - ((6 + -18 - -4) + 4)?
7
What is the value of -48 + 49 + (1 - 1)?
1
What is the value of (4 - (2 + 1 - -3)) + 5?
3
Evaluate 6 - 2 - (6 + 4).
-6
What is the value of (-6 - -8) + -5 + 1?
-2
Evaluate 6 + (-9 - 3 - -1).
-5
Calculate -4 + (4 - 4 - -4) + -5.
-5
Calculate (6 - (2 + 8)) + 5.
1
3 - (1 - (6 - (-2 + 7)))
3
2 + (0 + 0 - 3)
-1
Evaluate (-5 - -1) + (10 - (-1 + 0)).
7
6 - (11 - 20) - 13
2
What is the value of -14 + -23 + 36 + 0 + 4?
3
Evaluate 8 + (1 - -4 - 9).
4
What is 1 - (9 - 13) - 4?
1
Evaluate -6 + 0 + (-16 - (-3 - 27)).
8
Calculate -5 + (5 - (2 + 3)).
-5
What is the value of 2 + 1 + 1 - (-4 + 4)?
4
(-2 - -7 - 2) + -9 + 1
-5
Calculate 12 + (-11 - -5) - (4 - -1).
1
12 - 12 - (2 + 3)
-5
What is the value of (4 - 3) + 1 - 6?
-4
What is -2 + 5 - 5 - -1?
-1
Evaluate -2 - ((-2 - -2 - 1) + 2).
-3
Evaluate -1 + (0 - -4 - (2 + 7)).
-6
Calculate (-5 + 0 - (-51 - -45)) + -7.
-6
Calculate 4 + 6 + (5 - 8) + -8.
-1
What is the value of (-1 - -1) + -2 + 5 + -7?
-4
Calculate -14 + 2 - (33 + -40).
-5
Calculate 1 + 1 + -17 - (3 + -10).
-8
0 + 1 + 1 - (-14 + 14)
2
What is 11 - (7 - 3) - 6?
1
What is -7 + (-2 - -8) - (-1 - -2)?
-2
Calculate (-7 + 1 + -1 - 0) + 7.
0
What is the value of -6 + (0 - -1 - -11)?
6
3 + (-4 + 1 - 1)
-1
7 + 0 + 5 + -10
2
(5 - 6 - 2) + 2 - -4
3
What is (5 - (-5 - -6) - 4) + -1?
-1
Calculate -6 + 21 - (-1 + 3) - 6.
7
What is the value of 1 - 6 - (1 + 18 + -21)?
-3
What is -1 + 4 - 8 - -7?
2
Evaluate -2 + -2 + 4 + 6.
6
Calculate (2 - 0) + (-2 - -1).
1
Calculate 12 + -3 + -1 + (3 - 3).
8
Evaluate -60 - -48 - (1 - 9).
-4
What is 1 + -5 + (6 + -4 - -3)?
1
Calculate (0 - -1) + -2 - 0.
-1
What is the value of 6 - (-4 - (-16 - -9))?
3
-1 + (0 + -2 - -3) - -2
2
What is the value of -6 + 3 + -10 + 11?
-2
Calculate 0 + (-3 - (3 - 5)) + 0.
-1
What is the value of -9 + (4 + (1 - 2) - -1)?
-5
Calculate 12 + (-2 + -4 - -3).
9
Evaluate -7 + 4 + 2 + 1 - -2.
2
Calculate 1 